12, -4*c = -2*f - 20. What is the units digit of c?
7
Suppose 4*p = 3*k + 9, -4*p + 2*p - k = -7. Let d(w) = -w**3 + 3*w**2 + 5*w - 4. What is the tens digit of d(p)?
1
Let f = 295 + -205. What is the units digit of f?
0
Let c(b) = -b**3 - 8*b**2 + 2*b + 2. Let y be c(-8). Let f = -20 - y. Let n(x) = x**3 + 6*x**2 - 2*x - 4. What is the units digit of n(f)?
8
Let b(d) be the first derivative of d**2/2 - 3*d - 6. Let s = -1 - -7. What is the units digit of b(s)?
3
Let t(v) = -v**2 + 7*v. Suppose r = 4*r - 6. Suppose -r*l + 3 = 5*k + 11, 12 = -3*k. What is the units digit of t(l)?
6
Suppose 2*k + 0*k - 14 = -3*b, 5*k = b + 1. Let j be -1 + (0 - -12 - k). Suppose 4*d = -5*g - 6 + 13, -4*g - d + j = 0. What is the units digit of g?
3
Let z(q) = q**3 - q**2 + 18. Let u be z(0). Suppose -28 = -r - 2. Let f = r - u. What is the units digit of f?
8
What is the tens digit of (-862)/(-4) - (10/4 - 3)?
1
Suppose -a = -w - 4*w - 299, 2*a = 3*w + 570. What is the tens digit of a?
7
What is the hundreds digit of (5 - (-199)/3)/((-4)/(-6))?
1
Suppose 2*u = -u - 15. Let v = u - -7. What is the units digit of v/((-4)/(-22)) + -2?
9
Let m be -39*3/(-18)*10. Suppose 0 = 3*b + 2*b - m. Let p = b + -6. What is the units digit of p?
7
Suppose 1 = -0*x + x. Let h = x - -3. Suppose h*j = 22 + 14. What is the units digit of j?
9
Let c = 26 + -14. Let o = 5 - -10. Suppose 5*k = n + 3*n + o, 3*n - c = -4*k. What is the units digit of k?
3
Suppose -4*b + 1 - 97 = 0. Let r = -8 - b. What is the tens digit of r?
1
Let x be ((-2)/3)/((-8)/12). Let p be 0 + 0 + x*64. Suppose d - p = -4*d + 3*y, 5*y + 26 = d. What is the units digit of d?
1
Let p(x) = x**3 + 3*x**2 - 4*x - 6. What is the units digit of p(3)?
6
Let p = 176 - 7. What is the units digit of p?
9
Let i(q) = q - 19. Let n be i(15). What is the units digit of -3 + 3 + (-112)/n?
8
Let f be (1/2)/(4/16). Suppose -f*h + 2*a = 0, 3*a - 6 = 3. Suppose 0 = -3*o + o - h*p + 5, -4*p - 4 = 0. What is the units digit of o?
4
Let a = 598 - 275. What is the tens digit of a?
2
Let o(j) be the third derivative of 17*j**5/60 - j**4/24 + 5*j**2. What is the units digit of o(-1)?
8
Let z = 6 + 4. Suppose z = b - 4*d, -17 = -5*b + d + 14. What is the units digit of b?
6
Let h(s) = -35*s - 1. What is the tens digit of h(-2)?
6
Suppose -3*t = a - 10, -4*a + t - 5 + 6 = 0. Let y = 5 + a. What is the units digit of y?
6
Let o be -2*3/(0 + -6). Let t = 2 - o. What is the units digit of t?
1
Let l(k) = -k - 2. Let g be l(-3). What is the units digit of 1/((-1)/(-15 - g))?
6
Suppose 2*s - 5*f - 81 = -2*f, 4*s - f - 167 = 0. What is the tens digit of s?
4
Let a be (-5)/5*-1*5. Suppose -a*v - 19 = -2*v + 5*z, -3*v - z + 1 = 0. What is the units digit of v?
2
Suppose -2*q + 8 + 28 = -k, q - 4 = 4*k. What is the tens digit of q?
2
What is the units digit of ((5/20)/(2/8))/1?
1
Let q(a) be the third derivative of -a**4/24 - a**3/3 + 3*a**2. What is the units digit of q(-6)?
4
Let b be (-72)/(-15) - (-2)/10. Let z = 7 + -4. Suppose r + 2*p = 0, -2*r + 2*p = b*p - z. What is the units digit of r?
6
Suppose -4*a + 5*b = -12 - 87, -5*b = 15. Suppose 4*q - a = 11. What is the units digit of q?
8
Let p = 6 + 0. What is the units digit of p/27 + (-140)/(-18)?
8
What is the tens digit of 195/4 + 1/4 + 0?
4
Let h be ((-8)/10)/((-4)/(-30)). What is the tens digit of (-2)/(-3) + (-152)/h?
2
Suppose 0 = 3*a + 5*q + 13, 4*a - 4*q = -0*q + 4. What is the units digit of (-2)/(-2) - a*1?
2
Let g = -10 - -13. What is the tens digit of -2*g/6 + 15?
1
Let l(g) = 7*g**2 - g. Let u(t) = t**2 - 7*t + 1. Let o be u(7). What is the units digit of l(o)?
6
Let v(l) be the first derivative of 3*l**2/2 + l + 3. What is the units digit of v(1)?
4
What is the units digit of 30/(-8)*(-80)/12?
5
Suppose -2*u + 10 = -38. What is the units digit of u?
4
Let p(t) = -t**3 + 5*t**2 + 6*t - 1. Let o = -4 - -10. Let a be p(o). What is the units digit of (2 - 3)*(0 + a)?
1
Let t(i) be the third derivative of -7*i**4/24 - 7*i**3/6 + 6*i**2. What is the tens digit of t(-4)?
2
What is the units digit of 16 + 1 + (2 - 1)?
8
Let i be (1 - 0) + 7 + -6. Suppose -4*y - 4 = 0, 3*x - 37 = -3*y - i*y. What is the units digit of x?
4
Let r = 27 + -47. Let d = r - -10. Let w(b) = b**2 + 9*b - 6. What is the units digit of w(d)?
4
Let i(r) = -r**2 - 2*r - 3. Let d be i(-2). Suppose -6*f + 15 = 5*y - f, 3*y - 17 = f. Let a = y - d. What is the units digit of a?
8
Let y = -16 + -8. Let a = 36 + y. Suppose -2*t + a = t. What is the units digit of t?
4
Let b be (-2)/5 + (-34)/(-10). Suppose 4*k - 9 = 11. Suppose 0 = f - k - b. What is the units digit of f?
8
Suppose -5*l = -2*l. Suppose l*m + m = 13. Let o = m + -6. What is the units digit of o?
7
Let g = 1 + -3. Let w be ((-2)/(-2))/g*-2. What is the units digit of 1/(w*(-3)/(-21))?
7
Let t(j) = -j**2 + 14*j + 1. Suppose -6*i - 3*z - 5 = -5*i, -i - 4*z = 10. What is the units digit of t(i)?
1
Let j(w) = w**2 - w + 2. Let n be (0 + 3)*2 + -3. What is the units digit of j(n)?
8
Suppose -3*a = -2*c - 19, -3*a + c + 9 = -8. Let w = a - 2. What is the units digit of w?
3
What is the units digit of 16/36 - (-1490)/9?
6
Let d(v) = -v**3 - 7*v**2 - 5*v + 7. Let f be 6/5*10/4. Suppose -2*k + k - 1 = -5*q, 3*q + 21 = -f*k. What is the units digit of d(k)?
1
Suppose 3*a - 140 = -5*s, 4*s - 77 = a + 18. What is the units digit of s?
5
Let p(x) = -7*x + 1. Let h be p(-5). Suppose 0 = -5*b + 3*b + h. What is the tens digit of b?
1
Let l be -1 + 0 + 3 + 3. Suppose -l = -5*h + 15. Suppose h*w - 4*f = 96, 3*w = 4*w - 5*f - 36. What is the tens digit of w?
2
Suppose -3*t + 85 = 4*x, 2*t + 60 = 4*t + x. Suppose 5*u - u = 208. Let z = u - t. What is the tens digit of z?
2
Let k(f) = 3*f + 4*f - 1 - f**2 + 3 + 3. Let g be k(7). Suppose 30 = 5*o - g. What is the units digit of o?
7
Let b(m) = 2*m + 2. Let s be b(-6). Let g = s - -17. What is the units digit of g?
7
Let s be -1 - (-1 + (-3)/3). Let x = s + 4. Suppose 2*t + 16 = 2*j + 2*j, -5*t + j = -x. What is the units digit of t?
2
Suppose m = 2*p - 0 + 10, 55 = 4*m - 5*p. Suppose 0 = 3*g - 7*g + m. What is the units digit of g?
5
What is the hundreds digit of -1*(-2 - -4) + (-5184)/(-24)?
2
Let w(p) be the first derivative of -p**4/4 + 8*p**3/3 - 3*p**2/2 - 10*p - 4. What is the units digit of w(7)?
8
Suppose 0 = -4*a + 26 + 10. What is the units digit of a?
9
Let u = -74 + 179. What is the tens digit of u?
0
Let v(b) = 44*b - 2. What is the tens digit of v(2)?
8
Let o be 2/(-8)*2*10. Let d = -3 - o. What is the units digit of d?
2
Let w = -11 - -19. Suppose -k + 5*k = w. What is the units digit of k?
2
Suppose -n + 49 = -169. What is the tens digit of n?
1
Suppose -2*g = 2*g - 12. Suppose -3*u = -g*n - 315, -u + 5*n = n - 96. Suppose -u = -5*x - 18. What is the tens digit of x?
1
Let r be (4/5)/(3/15). Let l be (-2 - 0)*2/r. What is the units digit of l/(3/(-9)) - 2?
1
Let u = -2 + 4. Suppose 3*p + 2*n = 22, u*p - p - n = 4. Suppose q = p + 13. What is the tens digit of q?
1
Let s = -76 - 71. Let k be s/(-9) + (-3)/9. Suppose 5*q = -2*g + 48, 0 = -g - 5*q + 18 + k. What is the tens digit of g?
1
Let b(z) = 8*z**2 - z - 1. Let t be 1 - 6/3 - 0. Let x be b(t). Suppose 0 = -4*r, 3*o = -2*r + x + 10. What is the units digit of o?
6
Let a = -121 + 179. What is the tens digit of a?
5
Let b(h) = 3*h**2 - 4*h - 4*h**2 + 11*h + 1 + 0*h**2. What is the tens digit of b(5)?
1
Suppose -294 = -4*l - 78. Suppose 0 = -3*c - 3*g + l, -93 = -6*c + c - 2*g. Suppose 3 = 2*i - c. What is the units digit of i?
1
What is the units digit of 60/(-9)*(-6 + 3)?
0
Suppose -s = 4*v - 523, 2*s + 304 = 4*v - 210. What is the tens digit of v?
3
Let f = -7 + 2. Let o(l) = -4*l + 2*l - 5*l - l**2 - 6. What is the units digit of o(f)?
4
Let o = -36 - -65. Let m = o + -20. What is the units digit of m?
9
Suppose 0 = -15*g - 244 + 64. Let x(o) be the first derivative of o**4/4 + 13*o**3/3 + 6*o**2 + 11*o + 1. What is the units digit of x(g)?
1
Let l be 4/(-14) - (-2)/7. Suppose l = 3*u - 18. Suppose d - h - 3*h = 3, -3*h - u = -2*d. What is the units digit of d?
3
Let r = -52 - -112. What is the tens digit of r?
6
Let u be (-34)/(-4) - (-2)/(-4). Let o = 1 + u. What is the units digit of o?
9
Suppose 0 = -3*d - 24 + 78. What is the units digit of d?
